is the greatest common factor of 8368 and 344134?
1046
Calculate the highest common divisor of 7975 and 352550.
275
Calculate the greatest common factor of 474124 and 252.
28
Calculate the greatest common divisor of 1087124 and 252410.
1174
What is the greatest common divisor of 449265 and 976?
61
What is the highest common divisor of 103 and 99326917?
103
What is the highest common divisor of 130 and 2739373?
13
Calculate the greatest common divisor of 6144518 and 500222.
7466
Calculate the highest common factor of 4 and 29651142.
2
Calculate the highest common divisor of 152 and 17086852.
76
Calculate the highest common divisor of 3149492 and 86.
86
Calculate the greatest common factor of 4760 and 42803110.
1190
What is the greatest common divisor of 410973094 and 77594?
7054
Calculate the highest common factor of 102 and 3689238.
102
Calculate the highest common factor of 11547285 and 478.
239
What is the greatest common divisor of 7821 and 91381275?
711
What is the greatest common factor of 41160 and 8135617?
343
Calculate the greatest common divisor of 1280884 and 108790.
946
Calculate the greatest common divisor of 748737 and 3861.
297
What is the highest common divisor of 57 and 18291452?
19
What is the highest common factor of 6265301 and 3129?
1043
What is the highest common divisor of 360206 and 13882?
22
What is the greatest common factor of 1900216 and 43040?
2152
Calculate the greatest common factor of 28216 and 3107287.
3527
Calculate the greatest common divisor of 688551 and 5083.
391
What is the greatest common divisor of 429839 and 81729261?
5441
Calculate the greatest common factor of 80203 and 527955.
577
What is the highest common factor of 65727534 and 2478?
354
Calculate the greatest common divisor of 105 and 26043955.
35
What is the highest common divisor of 449757 and 45864?
63
Calculate the greatest common divisor of 1144377 and 24687.
117
What is the highest common divisor of 160 and 8908320?
160
Calculate the greatest common divisor of 13872 and 143004.
204
What is the greatest common divisor of 3455984 and 240?
16
Calculate the greatest common divisor of 222980256 and 16.
16
Calculate the highest common divisor of 740475 and 5400.
675
What is the highest common divisor of 7220 and 2277188?
1444
Calculate the highest common factor of 970398 and 2156121.
2871
What is the highest common divisor of 96735030 and 210?
210
What is the greatest common divisor of 5082750 and 648?
162
Calculate the greatest common factor of 14758530 and 120.
30
What is the highest common divisor of 13086082 and 1062?
118
Calculate the highest common factor of 674800 and 646800.
2800
Calculate the greatest common factor of 8189117 and 4869.
541
What is the highest common factor of 1771 and 81223373?
1771
Calculate the greatest common factor of 2314245 and 50085.
795
Calculate the highest common factor of 90890 and 252108.
298
Calculate the highest common divisor of 2938 and 1121226002.
2938
Calculate the highest common factor of 82 and 15449414.
2
Calculate the greatest common divisor of 6 and 1533949.
1
Calculate the highest common divisor of 148 and 59969674.
74
What is the highest common factor of 1751 and 399517?
17
What is the highest common divisor of 5843 and 289795271?
5843
Calculate the highest common factor of 137984 and 65912.
616
What is the highest common factor of 45 and 62539935?
15
Calculate the highest common factor of 9710 and 640810.
10
What is the greatest common factor of 11191816 and 32?
8
What is the greatest common divisor of 375 and 42638125?
125
What is the greatest common divisor of 530981438 and 117?
13
What is the highest common divisor of 1301602 and 5706?
634
Calculate the highest common divisor of 892734 and 1099587.
10887
What is the greatest common divisor of 191671039 and 595?
119
Calculate the highest common divisor of 815 and 2502976655.
815
Calculate the highest common factor of 3609474 and 4862.
374
Calculate the greatest common factor of 157080 and 3440360.
3080
What is the greatest common divisor of 9960 and 154128?
24
What is the highest common factor of 6669 and 2564601?
741
Calculate the greatest common divisor of 131494 and 53557812.
3058
Calculate the highest common factor of 27218 and 36518.
62
Calculate the highest common factor of 22192 and 341202.
2774
What is the greatest common factor of 1304 and 2282000?
1304
What is the highest common factor of 6120592 and 84208?
4432
What is the greatest common divisor of 351559 and 832?
13
What is the greatest common divisor of 249 and 700311?
3
What is the highest common factor of 2993646 and 5778?
642
Calculate the greatest common factor of 8784 and 3006.
18
What is the greatest common factor of 4122573 and 1092?
273
What is the greatest common divisor of 91704 and 84?
12
Calculate the highest common divisor of 932 and 1697944628.
932
Calculate the greatest common divisor of 8739241 and 69.
23
Calculate the greatest common factor of 18717 and 6858129.
1101
Calculate the highest common divisor of 15027897 and 1245.
249
What is the greatest common factor of 4632526 and 1358?
194
What is the greatest common divisor of 1217283 and 908037?
597
Calculate the highest common divisor of 190758480 and 1045.
1045
Calculate the highest common divisor of 39 and 9554129.
13
What is the greatest common factor of 29752595 and 1660?
415
What is the highest common divisor of 97247614 and 16849?
2407
What is the highest common divisor of 216235635 and 2310?
1155
What is the greatest common divisor of 667 and 3714813?
29
Calculate the greatest common divisor of 3054950 and 30.
10
What is the greatest common divisor of 245 and 17157987?
49
Calculate the highest common factor of 561321 and 110685.
141
Calculate the greatest common factor of 23135995 and 19135.
445
What is the greatest common divisor of 3548923 and 177331?
2303
What is the greatest common factor of 414127116 and 285?
57
What is the greatest common divisor of 14 and 1431325?
7
Calculate the highest common factor of 2226983 and 68629.
187
What is the highest common factor of 199 and 5657?
1
What is the greatest common factor of 1549899 and 18?
9
What is the greatest common divisor of 6760769 and 1072?
67
Calculate the highest common divisor of 352 and 88665824.
32
What is the greatest common factor of 91094 and 1807108?
2462
Calculate the highest common divisor of 12352700 and 700.
100
What is the highest common factor of 806 and 7925398?
806
What is the greatest common divisor of 5649395 and 1245?
415
Calculate the greatest common factor of 16400848 and 96.
16
What is the greatest common divisor of 10 and 217032470?
10
Calculate the greatest common divisor of 15140431 and 775.
31
Calculate the greatest common divisor of 17797 and 5603.
13
Calculate the greatest common divisor of 1893132 and 135.
27
Calculate the greatest common factor of 192192 and 5331144.
2184
Calculate the greatest common divisor of 40077136 and 9680.
1936
What is the greatest common factor of 3938881911 and 3637?
3637
Calculate the highest common divisor of 10516 and 261067587.
2629
What is the highest common factor of 12 and 72836094?
6
What is the greatest common factor of 15 and 102207855?
15
What is the highest common divisor of 101184 and 106454?
1054
Calculate the highest common divisor of 128 and 23362496.
64
Calculate the greatest common divisor of 2 and 5616369.
1
Calculate the highest common factor of 44 and 152647759.
11
What is the greatest common divisor of 3304 and 125216?
56
Calculate the greatest common factor of 7816 and 872.
8
What is the greatest common divisor of 2625 and 265425?
75
What is the highest common factor of 831498 and 1809555?
2991
What is the greatest common factor of 1764 and 175126?
98
Calculate the highest common factor of 16511354 and 1402.
1402
What is the highest common divisor of 1351842687 and 39?
39
Calculate the greatest common divisor of 46719 and 929547.
1611
Calculate the highest common factor of 357414945 and 32835.
2985
Calculate the greatest common divisor of 5812176 and 4104.
456
Calculate the highest common divisor of 24 and 2835300.
12
What is the highest common factor of 450368 and 23760544?
7264
Calculate the greatest common factor of 1245366 and 1032.
258
Calculate the greatest co